{"id":1806,"date":"2021-09-19T09:56:31","date_gmt":"2021-09-19T12:56:31","guid":{"rendered":"https:\/\/buenosnegociosinmuebles.com.ar\/?page_id=1806"},"modified":"2025-08-19T23:45:59","modified_gmt":"2025-08-20T02:45:59","slug":"servicios","status":"publish","type":"page","link":"https:\/\/buenosnegociosinmuebles.com.ar\/?page_id=1806","title":{"rendered":"Servicios"},"content":{"rendered":"\n<div class=\"wp-block-themeisle-blocks-advanced-columns has-1-columns has-desktop-equal-layout has-tablet-equal-layout has-mobile-equal-layout has-default-gap has-vertical-unset\" id=\"wp-block-themeisle-blocks-advanced-columns-b437c26f\"><div class=\"wp-block-themeisle-blocks-advanced-columns-overlay\"><\/div><div class=\"innerblocks-wrap\">\n<div class=\"wp-block-themeisle-blocks-advanced-column\" id=\"wp-block-themeisle-blocks-advanced-column-00180f08\">\n<h2><strong>Tasaciones y asesoramiento<\/strong><\/h2>\n<blockquote class=\"wp-block-quote\"><p>Tu Casa tiene mucho valor para vos y vos ten\u00e9s mucho valor para nosotros, por eso realizamos nuestras tasaciones de la manera mas profesional.<\/p><\/blockquote>\n<p>Valoramos tu inmueble con informaci\u00f3n actualizada del mercado, analizando toda la documentaci\u00f3n y las caracter\u00edsticas de este, para obtener un numero competitivo que ser\u00e1 una estrategia de venta. Todo comienza antes, sin una buena tasaci\u00f3n, no hay venta. Te asesoramos y explicamos como funciona el mercado inmobiliario para que puedas comprender las acciones a seguir.<\/p>\n<hr class=\"wp-block-separator has-text-color has-background has-accent-background-color has-accent-color\">\n<h2><strong>Personal <em>Shopper<\/em> Inmobiliario<\/strong><\/h2>\n<p>Encontrar un hogar no siempre es f\u00e1cil: tiempo, visitas interminables, llamadas, comparaciones y tr\u00e1mites. Pero no tiene por qu\u00e9 ser as\u00ed. Con nuestro servicio de <strong>Personal Shopper Inmobiliario<\/strong>, transformamos la b\u00fasqueda en una experiencia <strong>simple, segura y emocionante.<\/strong><\/p>\n<p>Nos sentamos con vos para <strong>escuchar en detalle tus necesidades, ideas y sue\u00f1os<\/strong>. Queremos conocer tu estilo de vida, tus prioridades y aquello que imagin\u00e1s cuando pens\u00e1s en tu casa ideal.<\/p>\n<p>Con esa informaci\u00f3n realizamos una <strong>b\u00fasqueda integral<\/strong>, incluimos las ofertas de colegas de la zona y las de due\u00f1os directos que venden en forma particular. De esta manera, nos aseguramos de que tengas acceso a todas las opciones reales que podr\u00edan convertirse en tu hogar.<\/p>\n<p>Luego, junto a vos, hacemos una <strong>preselecci\u00f3n estrat\u00e9gica<\/strong> para definir cu\u00e1les visitar, optimizando tu tiempo y energ\u00eda. Nuestro objetivo es que cada recorrido sea una oportunidad concreta, y no una p\u00e9rdida de tiempo.<\/p>\n<p>La experiencia culmina en ese instante m\u00e1gico: <strong>cuando abr\u00eds la puerta y reconoc\u00e9s que ese es tu lugar<\/strong>. Ese es el momento en que la b\u00fasqueda termina y comienza una nueva etapa en tu vida.<\/p>\n<p><strong>Vos trat\u00e1s siempre con nosotros, y nosotros con todos los dem\u00e1s<\/strong>. Negociaciones, llamados, coordinaci\u00f3n\u2026 todo queda en nuestras manos. <\/p>\n<p>Porque buscar un hogar puede ser una experiencia agotadora o una aventura maravillosa si nosotros te acompa\u00f1amos.<\/p>\n<p>\ud83d\udc49 <strong>Vos so\u00f1\u00e1s, nosotros te llevamos hasta la puerta de tu nuevo hogar.<\/strong><\/p>\n<hr class=\"wp-block-separator has-text-color has-background has-accent-background-color has-accent-color\">\n<h2><strong>Asesoramiento y gesti\u00f3n en venta de propiedades<\/strong><\/h2>\n<blockquote class=\"wp-block-quote\"><p>\u00a1Detr\u00e1s de una venta existe un sue\u00f1o, vamos por el!<\/p><\/blockquote>\n<p>Nos dedicamos exclusivamente a las ventas, exclusivamente en Playa uni\u00f3n y de manera exclusiva. La autorizaci\u00f3n exclusiva que utilizamos nos permite trabajar en colaboraci\u00f3n con nuestros colegas para que tengas la atenci\u00f3n de todo el mercado.<\/p>\n<p>Hacemos equipo con vos para llegar a la meta, juntos vamos a lograrlo. Tomamos tu propiedad a la venta con el adecuado valor para lograr una venta exitosa. \u00a1Vamos por tus sue\u00f1os!<\/p>\n<hr class=\"wp-block-separator has-text-color has-background has-accent-background-color has-accent-color\">\n<h2><strong>Asesoramiento personalizado<\/strong><\/h2>\n<blockquote class=\"wp-block-quote\"><p>Las decisiones no son buenas ni malas, pero es importante que est\u00e9n basadas en informaci\u00f3n certera.<\/p><\/blockquote>\n<p>Te asesoramos para que vos puedas tomar las tuyas con la mayor tranquilidad. Cont\u00e1ctanos sin compromiso para charlar de tus sue\u00f1os, proyectos y dudas.<\/p>\n<\/div>\n<\/div><\/div>\n\n\n\n<p><\/p>\n","protected":false},"excerpt":{"rendered":"<p>Tasaciones y asesoramiento Tu Casa tiene mucho valor para vos y vos ten\u00e9s mucho valor para nosotros, por eso realizamos nuestras tasaciones de la manera mas profesional. Valoramos tu inmueble con informaci\u00f3n actualizada del mercado, analizando toda la documentaci\u00f3n y las caracter\u00edsticas de este, para obtener un numero competitivo que<a class=\"moretag\" href=\"https:\/\/buenosnegociosinmuebles.com.ar\/?page_id=1806\"> Leer m\u00e1s<\/a><\/p>\n","protected":false},"author":1,"featured_media":0,"parent":0,"menu_order":0,"comment_status":"closed","ping_status":"closed","template":"","meta":{"footnotes":""},"_links":{"self":[{"href":"https:\/\/buenosnegociosinmuebles.com.ar\/index.php?rest_route=\/wp\/v2\/pages\/1806"}],"collection":[{"href":"https:\/\/buenosnegociosinmuebles.com.ar\/index.php?rest_route=\/wp\/v2\/pages"}],"about":[{"href":"https:\/\/buenosnegociosinmuebles.com.ar\/index.php?rest_route=\/wp\/v2\/types\/page"}],"author":[{"embeddable":true,"href":"https:\/\/buenosnegociosinmuebles.com.ar\/index.php?rest_route=\/wp\/v2\/users\/1"}],"replies":[{"embeddable":true,"href":"https:\/\/buenosnegociosinmuebles.com.ar\/index.php?rest_route=%2Fwp%2Fv2%2Fcomments&post=1806"}],"version-history":[{"count":5,"href":"https:\/\/buenosnegociosinmuebles.com.ar\/index.php?rest_route=\/wp\/v2\/pages\/1806\/revisions"}],"predecessor-version":[{"id":2928,"href":"https:\/\/buenosnegociosinmuebles.com.ar\/index.php?rest_route=\/wp\/v2\/pages\/1806\/revisions\/2928"}],"wp:attachment":[{"href":"https:\/\/buenosnegociosinmuebles.com.ar\/index.php?rest_route=%2Fwp%2Fv2%2Fmedia&parent=1806"}],"curies":[{"name":"wp","href":"https:\/\/api.w.org\/{rel}","templated":true}]}}